*f + 2. Let g be p(-4). Let n = g - a. What are the prime factors of n?
2, 3
Let j(x) = 7*x**2 + 3*x + 3. Let p(b) = 8*b**2 + 4*b + 3. Let t(n) = 5*j(n) - 4*p(n). List the prime factors of t(-2).
17
Let b be 4/6 + 10/3. Suppose l = w + b*l - 16, l = w - 24. List the prime factors of w.
2, 11
Suppose 5*o = -3*d + 213, -33 = -4*o + 3*o - 3*d. What are the prime factors of o?
3, 5
Let m = -95 + 188. Suppose m - 31 = 2*v. What are the prime factors of v?
31
Let h = -4 - -8. Suppose -54 = -v + h*v. Let f = v + 32. What are the prime factors of f?
2, 7
Let i be 44/5*10/4. Suppose -t + 5*c + i = 0, -13 = -t - 4*c - 0*c. List the prime factors of t.
17
What are the prime factors of 762/4*28/21?
2, 127
Let r(o) = -2*o**3 + 2*o**2 - 1. Let j be r(-1). Suppose -4*f + j = -21. List the prime factors of f.
2, 3
Let q = 6 + -5. Suppose -q = 2*z - 3*h + 2, -4*h = -12. Suppose -24 = g - z*g. What are the prime factors of g?
2, 3
Suppose 3*x + 13 = 4*s, 4*s - 5*x + 7 - 18 = 0. What are the prime factors of s/((-4)/(-30)*3)?
2, 5
Suppose 2*t + 14 = 5*x, 4*t + 2*x + 5 = 25. Suppose y - t = -1. Suppose -2*v = -12 - y. List the prime factors of v.
7
Let s(m) = m - 3. Let b(d) = d - 4. Let n(g) = 4*b(g) - 3*s(g). What are the prime factors of n(10)?
3
Let s(a) = -a**2 + 5*a + 3. Suppose -2*q - 2*q = -16. Let z = 9 - q. What are the prime factors of s(z)?
3
Suppose 2 = -2*u + 10. Let q = -99 - -104. Suppose -6*c - 59 = -3*p - c, 32 = u*p + q*c. List the prime factors of p.
13
Let g(w) = -2*w**3 - 3*w**2 - 7*w + 23. Let k(o) = 3*o**3 + 4*o**2 + 10*o - 34. Let t(u) = -7*g(u) - 5*k(u). Suppose 5*v = v. List the prime factors of t(v).
3
Let n be (-20)/(-2)*(-2)/(-4). Let u = -5 + n. Let g = u - -3. List the prime factors of g.
3
Let c(t) = -11*t - 1. Suppose -2*h + 2 = 4. Let p be c(h). Suppose -5*l = -w + 5*w + p, l + 8 = -2*w. List the prime factors of l.
2
Let c = -28 - 0. Let d = c - -52. What are the prime factors of d?
2, 3
Suppose z - 2 = 2. Suppose 3*m = 38 + z. List the prime factors of m.
2, 7
Let b = 497 - 194. What are the prime factors of b?
3, 101
Suppose 3*v = -2*v + r + 1634, 5*r = -20. What are the prime factors of v?
2, 163
Let f(h) be the second derivative of -h**5/20 - 7*h**4/12 - 4*h**3/3 - 9*h**2/2 - 2*h. Let z = -19 - -13. What are the prime factors of f(z)?
3
Suppose -6*w + 87 + 75 = 0. List the prime factors of w.
3
Let a(z) = z**3 - z**2 - 3*z + 3. Let n be a(2). Let y be 9 + 0/(n - 2). What are the prime factors of (-3)/y - (-44)/6?
7
Let h(g) = -g**3 - 6*g**2 - 5*g - 6. Let n be h(-6). Let f = 57 - n. List the prime factors of f.
3, 11
Let j(l) = 3*l + 1. Let i be j(-1). Let s = i + 7. Suppose 0 = 4*y - s - 7. What are the prime factors of y?
3
Let c be (-3 - 10/(-4))*14. Let p = c - -25. List the prime factors of p.
2, 3
Suppose 4*w = 11 - 3. Suppose 2*g + 5*d - 120 = -g, -w*g + d = -67. What are the prime factors of (30/g)/(2/14)?
2, 3
Suppose 2*b - 675 = 3*z, 3*b + 685 = 5*b - 5*z. List the prime factors of ((-1)/3)/((-10)/b).
11
What are the prime factors of 4/((6/(-14))/(-3))?
2, 7
Let w be (-28)/6 - 4/(-6). Let o(j) = j**3 + 5*j**2 + 2*j - 5. Let g be o(w). Let q = g + -1. List the prime factors of q.
2
Suppose -k + 10 = 3. List the prime factors of k.
7
Let m be 1 + -1 + -5 + 5. Let q be -1 - (2 + -2 - m). What are the prime factors of (10 - -5)*q/(-3)?
5
Let a be (-12)/10*(-30)/9. Suppose -2*p = 5*l - p - 11, -5*p + 5 = 0. What are the prime factors of l/8 + 31/a?
2
Let y be (4 + -5)/(0 - 1). What are the prime factors of 15*y/4*4?
3, 5
Let n = -8 + 5. Let s(v) be the first derivative of v**4/4 + 2*v**3/3 - 3*v**2/2 + 2*v - 3. What are the prime factors of s(n)?
2
Let k = 46 - 27. What are the prime factors of k?
19
Suppose -4*v - b = -381, -3*b + 40 - 227 = -2*v. What are the prime factors of v?
5, 19
Let l(o) = -1 - o**3 + 2*o**2 + 2 + 3*o + 5*o**2. Let y be l(7). Suppose 3*k = -4 + y. What are the prime factors of k?
2, 3
Let r = -79 - -135. What are the prime factors of r?
2, 7
List the prime factors of (-132)/(-55)*7*5.
2, 3, 7
Let m = 1 + 2. Suppose -m*k - 12 + 126 = 0. What are the prime factors of k?
2, 19
Suppose 4*s - 5*s = -5. Suppose 4*v = -k + 40 + 54, -5*v + s*k = -130. List the prime factors of v.
2, 3
What are the prime factors of 68/(-3)*(1 - (-15)/(-6))?
2, 17
Let g(w) = -w + 2. Let p be g(-7). Let q be (1/3)/(3/p). What are the prime factors of (q + -1 - 0) + 3?
3
What are the prime factors of 614/7 + (-3)/63*-6?
2, 11
List the prime factors of 11466/162 - 3*2/(-27).
71
Let v be (-6)/(-4) + (-3)/(-6). Suppose 0 = v*w - 10 - 20. What are the prime factors of w?
3, 5
Let i(z) be the first derivative of 2*z - 2 + 1/2*z**2. What are the prime factors of i(5)?
7
Suppose -2*k - 4*o + o + 28 = 0, 2*k - 28 = 3*o. What are the prime factors of k?
2, 7
Let u(z) = 27*z. Let j be u(1). Let s(r) = -r**2 + 26*r + 4. Let q be s(26). Suppose q*t - y - 26 - j = 0, 0 = y - 3. List the prime factors of t.
2, 7
Let m = 32 - -151. List the prime factors of m.
3, 61
Let o = 81 - 8. List the prime factors of o.
73
What are the prime factors of -3 - (-3 - (1 + 379))?
2, 5, 19
Suppose 0*s - 5*s = -5. Suppose -2*d + s = 2*p + 3*d, 5*p - d = 70. List the prime factors of p.
13
Suppose 0 = -2*c + u + 14, 4*u - 3 = -c + 4. List the prime factors of c.
7
Let w(r) = -r**3 + 4*r**2 + 5*r + 1. Let v be w(5). Suppose 0 = -3*u - 5 - 19. List the prime factors of u/(-3)*3*v.
2
Suppose -c + 8 = 2*t, 3*c = 2*t + 2*t - 16. Suppose -3*s = 2*p - c*s - 103, p - 2*s = 34. List the prime factors of p.
2, 11
Let p be (-4)/(2/(-2))*1. Suppose -3*b + 11 = -p. What are the prime factors of b?
5
Let y = -2 - -1. Let s = y - -16. List the prime factors of s.
3, 5
Suppose 2900 = 18*u - 2698. What are the prime factors of u?
311
Let h = -7 - -10. What are the prime factors of h?
3
Let q(o) = o**3 + 2*o**2 - 5*o - 4. Let d be q(-3). Suppose 3*w = -77 + d. Let j = 41 + w. List the prime factors of j.
2
Suppose 0 = 4*s - 5*z - 1 - 80, 4*s - 87 = 3*z. List the prime factors of s.
2, 3
Suppose 0 = -14*l + 52 - 10. Suppose -5*a + 14 = -3*t + 5*t, -5*t = -a - 8. Suppose 0*v - a*w = v - 22, 4*w - 58 = -l*v. What are the prime factors of v?
2, 7
Suppose -14*q + 9*q = -870. What are the prime factors of q?
2, 3, 29
Let l be (-4)/(-10) - 264/(-15). Let d(p) = -p**2 + 6*p. Let y be d(5). Suppose l = y*q + 3. What are the prime factors of q?
3
Suppose 7 = 2*o - 5. Suppose 18 - o = 3*n. Suppose -u - 80 = -5*u - 2*y, 0 = -n*y + 16. List the prime factors of u.
2, 3
Suppose -4*d - 2*b + 223 = -b, -281 = -5*d + b. What are the prime factors of d?
2, 7
Suppose 4*t + t + 3*p + 45 = 0, -4*t + 1 = -5*p. Let c = -4 - t. What are the prime factors of c?
2
Let f = -117 + 142. List the prime factors of f.
5
Let g = -170 - -401. List the prime factors of g.
3, 7, 11
Suppose 3*u = 2*k + 19, 0 = -5*k + 5*u - 12 - 23. Let h = 5 + k. What are the prime factors of h?
3
Let q(y) = 0*y + 2*y - 7 + 3. What are the prime factors of q(7)?
2, 5
List the prime factors of (-3)/(-15) + 388/10.
3, 13
Suppose -4*t = -9*t - 10. Let v = 3 - t. List the prime factors of v.
5
Suppose 2*r + 0 = 48. What are the prime factors of 36/r*20/3?
2, 5
Let w(l) = 26*l**3 - l**2 - l - 1. Let j be w(2). Suppose -j = -4*k - 81. List the prime factors of k.
2, 3, 5
Let m = 19 + 21. List the prime factors of m.
2, 5
Suppose -2*i + 2*r = -2*r + 6, -i - 9 = -4*r. Suppose -i + 4 = -k. Let s(c) = -10*c. What are the prime factors of s(k)?
2, 5
Suppose 42 = 3*z - 12. List the prime factors of z.
2, 3
What are the prime factors of (-9)/(-2)*24/18?
2, 3
Let x = -501 - -873. What are the prime factors of x?
2, 3, 31
Let g(z) = -z + 7. Let t be g(5). Suppose -5 = -7*w + t*w, -4*j + 2*w + 14 = 0. What are the prime factors of j?
2
Suppose 10 = 4*a + 2. Suppose -7*k = -a*k - 80. List the prime factors of k.
2
Let r(h) = -h**3 + 10*h**2 - 11*h - 6. What are the prime factors of r(6)?
2, 3
Suppose -42 = -2*c - u, 4*c - 152 = u - 56. List the prime factors of 0/3 + c/1.
23
Let g(c) = c + 3. Let r be g(-8). Let y = 7 + r. Suppose 0 = a - y*a + 6. What are the prime factors of a?
2, 3
Let o = -60 + 87. List the prime factors of o.
3
Let n(o) = o**3 - 4*o**2 - o + 6. What are the prime factors of n(5)?
2, 13
Let y(v) = v**2 - 4*v - 4. Let